{"id":8,"date":"2013-03-03T11:01:52","date_gmt":"2013-03-03T09:01:52","guid":{"rendered":"http:\/\/idefix-gbv.bplaced.net\/wordpress_35-de\/wordpress\/?page_id=8"},"modified":"2025-11-26T12:19:42","modified_gmt":"2025-11-26T10:19:42","slug":"leihgerate","status":"publish","type":"page","link":"https:\/\/www.gartenbauverein-altenmarkt.de\/cms\/wordpress\/?page_id=8","title":{"rendered":"Leihger\u00e4te"},"content":{"rendered":"<p>Der Verein hat Ger\u00e4te angeschafft, welche an die Mitglieder leihweise ausgegeben werden.<\/p>\n<p>Derzeit k\u00f6nnen keine Ger\u00e4te ausgeliehen werden!<\/p>\n<p>Eine geringe Leihgeb\u00fchr ist f\u00fcr die Verbrauchsmaterialien wie Benzin und \u00d6l, f\u00fcr anfallende Reparaturen und als R\u00fccklage f\u00fcr einen eventuellen Neukauf der Ger\u00e4te gedacht.<br \/>\nTrotz alledem wird um schonende Behandlung der Ger\u00e4te gebeten.<br \/>\nDie Ger\u00e4te k\u00f6nnen \u00fcber den Ger\u00e4tewart Albert Sonderhauser in Oberhilgen 1, Telefon (08628) 477 ausgeliehen werden;<br \/>\nZeitweise sind die Ger\u00e4te auch bei Vorstand Josef M\u00f6rwald, Baumburger Leite 43, Tel (08621) 14 80.<br \/>\nDiese Ausleihm\u00f6glichkeit\u00a0 wird in der Presse bzw. im Amtsblatt bekannt gegeben.<\/p>\n<table border=\"1\" width=\"80%\">\n<tbody>\n<tr>\n<td width=\"33%\">Vertikutierewr<\/td>\n<td valign=\"bottom\" width=\"54%\">Mindestgeb\u00fchr (f\u00fcr 2 Stunden, inclusive Benzin)<br \/>\njede weitere Stunde<\/td>\n<td valign=\"bottom\" width=\"13%\">\n<p align=\"right\">5,00 \u20ac<\/p>\n<p align=\"right\">2,00 \u20ac<\/p>\n<\/td>\n<\/tr>\n<tr>\n<td width=\"33%\">Gartenh\u00e4cksler<\/td>\n<td width=\"54%\">Starkstromanschluss 16 Ampere erforderlich, ebenso Anh\u00e4ngerkupplung zum Transportieren; je Stunde<\/td>\n<td align=\"right\" width=\"13%\">\n<p align=\"right\">5,00 \u20ac<\/p>\n<\/td>\n<\/tr>\n<tr>\n<td width=\"33%\">Erdd\u00e4mpfger\u00e4t (elektrisch)<\/td>\n<td width=\"54%\">zum D\u00e4mpfen von Erde (ca. 80-90 <sup>o <\/sup>Celsius); je Stunde<\/td>\n<td align=\"right\" width=\"13%\">\n<p align=\"right\">0,50 \u20ac<\/p>\n<\/td>\n<\/tr>\n<tr>\n<td width=\"33%\">Kompostsieb (elektrisch) rotierend<\/td>\n<td width=\"54%\">Transport nur auf einem H\u00e4nger! (bei J. Berneder untergestellt); Geb\u00fchr je Einsatz bzw. Tag<\/td>\n<td align=\"right\" width=\"13%\">\n<p align=\"right\">5,00 \u20ac<\/p>\n<\/td>\n<\/tr>\n<tr>\n<td width=\"33%\">Elektro-Heckenschere\/Schneidegiraffe<\/td>\n<td width=\"54%\">Geb\u00fchr f\u00fcr einen halben Tag (Bei Josef M\u00f6rwald erh\u00e4ltlich)<\/td>\n<td align=\"right\" width=\"13%\">\n<p align=\"right\">2,00 \u20ac<\/p>\n<\/td>\n<\/tr>\n<\/tbody>\n<\/table>\n<p>Weitere Ger\u00e4te (ohne Leihgeb\u00fchr, bei Josef M\u00f6rwald):<\/p>\n<p>R\u00fcckenspritze, Handbaums\u00e4ge, Astschere, Heckenschere (Hand), D\u00fcngelanze.<\/p>\n","protected":false},"excerpt":{"rendered":"<p>Der Verein hat Ger\u00e4te angeschafft, welche an die Mitglieder leihweise ausgegeben werden. Derzeit k\u00f6nnen keine Ger\u00e4te ausgeliehen werden! Eine geringe Leihgeb\u00fchr ist f\u00fcr die Verbrauchsmaterialien wie Benzin und \u00d6l, f\u00fcr anfallende Reparaturen und als R\u00fccklage f\u00fcr einen eventuellen Neukauf der Ger\u00e4te gedacht. Trotz alledem wird um schonende Behandlung der Ger\u00e4te gebeten. Die Ger\u00e4te k\u00f6nnen \u00fcber [&hellip;]<\/p>\n","protected":false},"author":1,"featured_media":0,"parent":0,"menu_order":0,"comment_status":"closed","ping_status":"closed","template":"","meta":{"footnotes":""},"class_list":["post-8","page","type-page","status-publish","hentry"],"_links":{"self":[{"href":"https:\/\/www.gartenbauverein-altenmarkt.de\/cms\/wordpress\/index.php?rest_route=\/wp\/v2\/pages\/8","targetHints":{"allow":["GET"]}}],"collection":[{"href":"https:\/\/www.gartenbauverein-altenmarkt.de\/cms\/wordpress\/index.php?rest_route=\/wp\/v2\/pages"}],"about":[{"href":"https:\/\/www.gartenbauverein-altenmarkt.de\/cms\/wordpress\/index.php?rest_route=\/wp\/v2\/types\/page"}],"author":[{"embeddable":true,"href":"https:\/\/www.gartenbauverein-altenmarkt.de\/cms\/wordpress\/index.php?rest_route=\/wp\/v2\/users\/1"}],"replies":[{"embeddable":true,"href":"https:\/\/www.gartenbauverein-altenmarkt.de\/cms\/wordpress\/index.php?rest_route=%2Fwp%2Fv2%2Fcomments&post=8"}],"version-history":[{"count":13,"href":"https:\/\/www.gartenbauverein-altenmarkt.de\/cms\/wordpress\/index.php?rest_route=\/wp\/v2\/pages\/8\/revisions"}],"predecessor-version":[{"id":1652,"href":"https:\/\/www.gartenbauverein-altenmarkt.de\/cms\/wordpress\/index.php?rest_route=\/wp\/v2\/pages\/8\/revisions\/1652"}],"wp:attachment":[{"href":"https:\/\/www.gartenbauverein-altenmarkt.de\/cms\/wordpress\/index.php?rest_route=%2Fwp%2Fv2%2Fmedia&parent=8"}],"curies":[{"name":"wp","href":"https:\/\/api.w.org\/{rel}","templated":true}]}}