{"id":739,"date":"2018-05-10T19:01:11","date_gmt":"2018-05-10T17:01:11","guid":{"rendered":"http:\/\/www.gartenbauverein-altenmarkt.de\/cms\/wordpress\/?page_id=739"},"modified":"2018-05-10T19:01:11","modified_gmt":"2018-05-10T17:01:11","slug":"archiv-jugendarbeit-2017","status":"publish","type":"page","link":"https:\/\/www.gartenbauverein-altenmarkt.de\/cms\/wordpress\/?page_id=739","title":{"rendered":"Archiv Jugendarbeit 2017"},"content":{"rendered":"<p>&nbsp;<\/p>\n<table style=\"font-size: 14px;\" border=\"0\">\n<tbody>\n<tr>\n<td>\n<div id=\"attachment_681\" style=\"width: 310px\" class=\"wp-caption alignleft\"><a href=\"https:\/\/www.gartenbauverein-altenmarkt.de\/cms\/wordpress\/?attachment_id=681\" rel=\"attachment wp-att-681\"><img loading=\"lazy\" decoding=\"async\" aria-describedby=\"caption-attachment-681\" class=\"size-medium wp-image-681\" src=\"https:\/\/www.gartenbauverein-altenmarkt.de\/cms\/wordpress\/wp-content\/uploads\/2013\/03\/171123-Wir-basteln-f\u00fcr-Weihnachten-300x168.jpg\" alt=\"\" width=\"300\" height=\"168\" srcset=\"https:\/\/www.gartenbauverein-altenmarkt.de\/cms\/wordpress\/wp-content\/uploads\/2013\/03\/171123-Wir-basteln-f\u00fcr-Weihnachten-300x168.jpg 300w, https:\/\/www.gartenbauverein-altenmarkt.de\/cms\/wordpress\/wp-content\/uploads\/2013\/03\/171123-Wir-basteln-f\u00fcr-Weihnachten-768x431.jpg 768w, https:\/\/www.gartenbauverein-altenmarkt.de\/cms\/wordpress\/wp-content\/uploads\/2013\/03\/171123-Wir-basteln-f\u00fcr-Weihnachten.jpg 1024w, https:\/\/www.gartenbauverein-altenmarkt.de\/cms\/wordpress\/wp-content\/uploads\/2013\/03\/171123-Wir-basteln-f\u00fcr-Weihnachten-624x350.jpg 624w\" sizes=\"auto, (max-width: 300px) 100vw, 300px\" \/><\/a><p id=\"caption-attachment-681\" class=\"wp-caption-text\">Die Kinder sind wieder eifrig bei der Sache<\/p><\/div><br \/>\nWeihnachten naht, es wird wieder Zeit daf\u00fcr etwas zu basteln. So war es auch bei der Gruppenstunde am 23. November. Wir machten mit den Kindern Weihnachtsgestecke. Hierf\u00fcr kam in einen \u00dcbertopf ein Steckschwamm. Dann steckten die Kinder unter Anleitung verschiedene Zweige hinein. Das Ganze wurde mit einer Kerze, einer Schleife und verschiedenen Zapfen versch\u00f6nert. Au\u00dferdem machten wir auch noch Aufh\u00e4nger aus Ausstechformen. In einen Teil kam Moos. Diese wurden dann mit einem Draht umwickelt und mit Perlen verziert. In den anderen Teil kamen kleine Zapfen. Die Kinder waren wieder eifrig dabei.<\/td>\n<\/tr>\n<tr>\n<td>\n<div id=\"attachment_675\" style=\"width: 310px\" class=\"wp-caption alignleft\"><a href=\"https:\/\/www.gartenbauverein-altenmarkt.de\/cms\/wordpress\/?attachment_id=675\" rel=\"attachment wp-att-675\"><img loading=\"lazy\" decoding=\"async\" aria-describedby=\"caption-attachment-675\" class=\"size-medium wp-image-675\" src=\"https:\/\/www.gartenbauverein-altenmarkt.de\/cms\/wordpress\/wp-content\/uploads\/2013\/03\/171019-Hui-Maschine-und-Musikinstrumente-300x225.jpg\" alt=\"\" width=\"300\" height=\"225\" srcset=\"https:\/\/www.gartenbauverein-altenmarkt.de\/cms\/wordpress\/wp-content\/uploads\/2013\/03\/171019-Hui-Maschine-und-Musikinstrumente-300x225.jpg 300w, https:\/\/www.gartenbauverein-altenmarkt.de\/cms\/wordpress\/wp-content\/uploads\/2013\/03\/171019-Hui-Maschine-und-Musikinstrumente-768x576.jpg 768w, https:\/\/www.gartenbauverein-altenmarkt.de\/cms\/wordpress\/wp-content\/uploads\/2013\/03\/171019-Hui-Maschine-und-Musikinstrumente.jpg 1024w, https:\/\/www.gartenbauverein-altenmarkt.de\/cms\/wordpress\/wp-content\/uploads\/2013\/03\/171019-Hui-Maschine-und-Musikinstrumente-624x468.jpg 624w\" sizes=\"auto, (max-width: 300px) 100vw, 300px\" \/><\/a><p id=\"caption-attachment-675\" class=\"wp-caption-text\">Die Wurzelkinder mit ihren Hui-Maschinen und den Musikinstrumenten<\/p><\/div><br \/>\nArbeitsreich war die Gruppenstunde am 19. Oktober. Mit Vorstand M\u00f6rwald und den drei Betreuerinnen wurde eine Hui-Maschine und diverse Musikinstrumente aus Naturmaterialien gebastelt. Zuerst wurden bei den teilweise vorgefertigten Teilen der Hui-Maschine die zu bohrenden L\u00f6cher und Kerben aufgezeichnet, welche dann gebohrt und ausgeschliffen wurden. Nach dem Zusammenbauen \u00fcbten alle Kinder flei\u00dfig. Vorstand M\u00f6rwald l\u00fcftete letztendlich das Geheimnis, was man tun mu\u00df, damit sich die Maschine nach einem \u201eHui-Schrei\u201c in der anderen Richtung dreht. Aber auch der Bau von Musikinstrumenten stand auf dem Programm. Einige bauten Zauberrasseln. Diese hatten schon die keltischen Druiden und sind auch von Asterix und Obelix bekannt. Es ist eine aus Eschenholz gefertigte Astgabel, in die vier L\u00f6cher gebohrt werden, durch welche zwei Dr\u00e4hte gespannt werden, auf denen man Astscheiben auff\u00e4delt. Damit k\u00f6nnen verschiedene T\u00f6ne erzeugt werden. Andere bauten Nuss-Kastagnetten. Hier wurde ein Streifen Pappe in der Mitte geknickt. Dann wurde auf jede H\u00e4lfte eine Nussschale geklebt und sie klapperten. Auch an den Bau einer Rassel aus Kronkorken wagten sich einige Wenige. Dabei wurden abwechselnd Kronkorken und Perlen auf einen Draht aufgef\u00e4delt und an einem Astst\u00fcck befestigt. Bei Bewegung entstehen hier Ger\u00e4usche. Mit Freude trugen die Kinder ihre neuen Errungenschaften nach Hause.<\/td>\n<\/tr>\n<tr>\n<td>\n<div id=\"attachment_661\" style=\"width: 310px\" class=\"wp-caption alignleft\"><a href=\"https:\/\/www.gartenbauverein-altenmarkt.de\/cms\/wordpress\/?attachment_id=661\" rel=\"attachment wp-att-661\"><img loading=\"lazy\" decoding=\"async\" aria-describedby=\"caption-attachment-661\" class=\"size-medium wp-image-661\" src=\"https:\/\/www.gartenbauverein-altenmarkt.de\/cms\/wordpress\/wp-content\/uploads\/2013\/03\/170921-Wir-gehen-in-den-Wald-300x168.jpg\" alt=\"\" width=\"300\" height=\"168\" srcset=\"https:\/\/www.gartenbauverein-altenmarkt.de\/cms\/wordpress\/wp-content\/uploads\/2013\/03\/170921-Wir-gehen-in-den-Wald-300x168.jpg 300w, https:\/\/www.gartenbauverein-altenmarkt.de\/cms\/wordpress\/wp-content\/uploads\/2013\/03\/170921-Wir-gehen-in-den-Wald-768x431.jpg 768w, https:\/\/www.gartenbauverein-altenmarkt.de\/cms\/wordpress\/wp-content\/uploads\/2013\/03\/170921-Wir-gehen-in-den-Wald.jpg 1024w, https:\/\/www.gartenbauverein-altenmarkt.de\/cms\/wordpress\/wp-content\/uploads\/2013\/03\/170921-Wir-gehen-in-den-Wald-624x350.jpg 624w\" sizes=\"auto, (max-width: 300px) 100vw, 300px\" \/><\/a><p id=\"caption-attachment-661\" class=\"wp-caption-text\">Die Kinder freuen sich \u00fcber das neu erstellte Mandala<\/p><\/div><br \/>\nWir gehen in den Wald, war am 21. September angesagt, denn im Wald gibt es immer Interessantes zu sehen und zu erleben. Eigentlich wollten wir mit den Kindern den Pilz des Jahres das &#8222;Judasohr&#8220; suchen. Leider hatten wir aber kein Gl\u00fcck, wir fanden diesen Pilz nicht. Daf\u00fcr fanden sie jede Menge andere Pilze, die die Jungs mit voller Begeisterung bestimmten. Die zweite Aufgabe war, dass sie verschiedene Naturmaterialien sammelten. Mit diesen gestalteten die Kinder dann ein gro\u00dfes Mandala. Vor allem den M\u00e4dchen machte dies einen Riesenspa\u00df.<\/td>\n<\/tr>\n<tr>\n<td class=\"mceTemp\">\n<div id=\"attachment_650\" style=\"width: 310px\" class=\"wp-caption alignleft\"><a href=\"https:\/\/www.gartenbauverein-altenmarkt.de\/cms\/wordpress\/?attachment_id=650\" rel=\"attachment wp-att-650\"><img loading=\"lazy\" decoding=\"async\" aria-describedby=\"caption-attachment-650\" class=\"size-medium wp-image-650\" src=\"https:\/\/www.gartenbauverein-altenmarkt.de\/cms\/wordpress\/wp-content\/uploads\/2013\/03\/170810-Ferien-2017-1-300x133.jpg\" alt=\"\" width=\"300\" height=\"133\" srcset=\"https:\/\/www.gartenbauverein-altenmarkt.de\/cms\/wordpress\/wp-content\/uploads\/2013\/03\/170810-Ferien-2017-1-300x133.jpg 300w, https:\/\/www.gartenbauverein-altenmarkt.de\/cms\/wordpress\/wp-content\/uploads\/2013\/03\/170810-Ferien-2017-1-768x341.jpg 768w, https:\/\/www.gartenbauverein-altenmarkt.de\/cms\/wordpress\/wp-content\/uploads\/2013\/03\/170810-Ferien-2017-1.jpg 1024w, https:\/\/www.gartenbauverein-altenmarkt.de\/cms\/wordpress\/wp-content\/uploads\/2013\/03\/170810-Ferien-2017-1-624x277.jpg 624w\" sizes=\"auto, (max-width: 300px) 100vw, 300px\" \/><\/a><p id=\"caption-attachment-650\" class=\"wp-caption-text\">Alle Kinder stellen sich mit ihrem selbst gebauten Steinbaromater f\u00fcr ein Gruppenbild zur Verf\u00fcgung<\/p><\/div><br \/>\nAm 10. August war wieder eine Gruppenstunde mit der Ferienaktion des Vereins verbunden. \u00dcber 35 Kinder kamen in die Pausenhalle der Schule, um mit den Betreuerinnen ein Steinbarometer zu basteln. Die erforderlichen Utensilien wurden vom Organisationsteam bereits bestens vorbereitet. Als erstes durften die Kinder die Sperrholzbretter beschriften, was letztendlich eine Menge Arbeit war. Dann wurde die Aufh\u00e4ngung f\u00fcr den Stein montiert und der Stein selbst mittels Schnur daran befestigt. Als Verzierung wurde ein Schieferherzchen aufgenagelt. Zum Schlu\u00df stellten sich alle Kinder f\u00fcr ein gro\u00dfes Gruppenfoto zur Verf\u00fcgung. Voller Stolz gingen sie mit ihrem Barometer nach Hause.<\/td>\n<\/tr>\n<tr>\n<td>\n<div id=\"attachment_641\" style=\"width: 310px\" class=\"wp-caption alignleft\"><a href=\"https:\/\/www.gartenbauverein-altenmarkt.de\/cms\/wordpress\/?attachment_id=641\" rel=\"attachment wp-att-641\"><img loading=\"lazy\" decoding=\"async\" aria-describedby=\"caption-attachment-641\" class=\"size-medium wp-image-641\" src=\"https:\/\/www.gartenbauverein-altenmarkt.de\/cms\/wordpress\/wp-content\/uploads\/2013\/03\/170720-Kinobesuch-300x225.jpg\" alt=\"\" width=\"300\" height=\"225\" srcset=\"https:\/\/www.gartenbauverein-altenmarkt.de\/cms\/wordpress\/wp-content\/uploads\/2013\/03\/170720-Kinobesuch-300x225.jpg 300w, https:\/\/www.gartenbauverein-altenmarkt.de\/cms\/wordpress\/wp-content\/uploads\/2013\/03\/170720-Kinobesuch-768x576.jpg 768w, https:\/\/www.gartenbauverein-altenmarkt.de\/cms\/wordpress\/wp-content\/uploads\/2013\/03\/170720-Kinobesuch.jpg 1024w, https:\/\/www.gartenbauverein-altenmarkt.de\/cms\/wordpress\/wp-content\/uploads\/2013\/03\/170720-Kinobesuch-624x468.jpg 624w\" sizes=\"auto, (max-width: 300px) 100vw, 300px\" \/><\/a><p id=\"caption-attachment-641\" class=\"wp-caption-text\">Den Kindern gefiel das Ersatzprogramm auch sehr gut.<\/p><\/div><br \/>\nF\u00fcr den 20. Juli war eine Erlebnisbootsfahrt an das Delta der Tiroler Ache geplant. Leider fiel dies buchst\u00e4blich ins Wasser, denn kurz vor Beginn wurde am Chiemsee eine Sturmwarnung herausgegeben und wir mussten uns schnell ein Ersatzprogramm \u00fcberlegen. So fuhren wir bei str\u00f6menden Regen nach Traunreut ins Kino und schauten uns &#8222;Ich &#8211; Einfach unverbesserlich 3&#8220; an. Die Kinder hatten trotzdem ihre Freude.<\/td>\n<\/tr>\n<tr>\n<td>\n<div id=\"attachment_637\" style=\"width: 310px\" class=\"wp-caption alignleft\"><a href=\"https:\/\/www.gartenbauverein-altenmarkt.de\/cms\/wordpress\/?attachment_id=637\" rel=\"attachment wp-att-637\"><img loading=\"lazy\" decoding=\"async\" aria-describedby=\"caption-attachment-637\" class=\"size-medium wp-image-637\" src=\"https:\/\/www.gartenbauverein-altenmarkt.de\/cms\/wordpress\/wp-content\/uploads\/2013\/03\/170622-Papier-sch\u00f6pfen-300x225.jpg\" alt=\"\" width=\"300\" height=\"225\" srcset=\"https:\/\/www.gartenbauverein-altenmarkt.de\/cms\/wordpress\/wp-content\/uploads\/2013\/03\/170622-Papier-sch\u00f6pfen-300x225.jpg 300w, https:\/\/www.gartenbauverein-altenmarkt.de\/cms\/wordpress\/wp-content\/uploads\/2013\/03\/170622-Papier-sch\u00f6pfen-768x576.jpg 768w, https:\/\/www.gartenbauverein-altenmarkt.de\/cms\/wordpress\/wp-content\/uploads\/2013\/03\/170622-Papier-sch\u00f6pfen.jpg 1024w, https:\/\/www.gartenbauverein-altenmarkt.de\/cms\/wordpress\/wp-content\/uploads\/2013\/03\/170622-Papier-sch\u00f6pfen-624x468.jpg 624w\" sizes=\"auto, (max-width: 300px) 100vw, 300px\" \/><\/a><p id=\"caption-attachment-637\" class=\"wp-caption-text\">Voll konzetriert wird mit einem Nudelholz das Wasser herausgepresst<\/p><\/div><br \/>\nWegen des hei\u00dfen Wetters machten wir am 22. Juni eine Plan\u00e4nderung und sch\u00f6pften Papier. Einen Tag vorher wurden schon Zeitungspapier und verschiedene Servietten in Wasser eingelegt. Als erstes mussten sie das Papier mit einem P\u00fcrierstab p\u00fcrieren. in der Zwischenzeit bef\u00fcllten andere Kinder Kisten mit Wasser. Nun kam etwas von dem Papierbrei in die Wasserbeh\u00e4lter. Anschlie\u00dfend kam ihr selbst gebastelter Sch\u00f6pfrahmen zum Einsatz. Der Sch\u00f6pfrahmen wurde in die Breimasse eingetaucht und wieder langsam herausgehoben. Nun musste das Wasser abtropfen. In dieser Zeit legten sie noch getrocknete Bl\u00fcten oder Papierschnipsel drauf. Dann kam Filz drauf und der Rahmen wurde gewendet, so da\u00df sich der Papierbrei vom Rahmen l\u00f6ste. Dann wurde wieder ein Filztuch darauf gelegt und mit einem Nudelholz das Wasser herausgepresst. Fertig war das Papier, das nur noch trocknen musste. So konnte jeder Kind einige machen. Zwischendurch gab es wegen der Hitze f\u00fcr die Kinder noch ein Eis.<\/td>\n<\/tr>\n<tr>\n<td>\n<div id=\"attachment_631\" style=\"width: 310px\" class=\"wp-caption alignleft\"><a href=\"https:\/\/www.gartenbauverein-altenmarkt.de\/cms\/wordpress\/?attachment_id=631\" rel=\"attachment wp-att-631\"><img loading=\"lazy\" decoding=\"async\" aria-describedby=\"caption-attachment-631\" class=\"size-medium wp-image-631\" src=\"https:\/\/www.gartenbauverein-altenmarkt.de\/cms\/wordpress\/wp-content\/uploads\/2013\/03\/170518-Fichtensirup-300x225.jpg\" alt=\"\" width=\"300\" height=\"225\" srcset=\"https:\/\/www.gartenbauverein-altenmarkt.de\/cms\/wordpress\/wp-content\/uploads\/2013\/03\/170518-Fichtensirup-300x225.jpg 300w, https:\/\/www.gartenbauverein-altenmarkt.de\/cms\/wordpress\/wp-content\/uploads\/2013\/03\/170518-Fichtensirup-768x576.jpg 768w, https:\/\/www.gartenbauverein-altenmarkt.de\/cms\/wordpress\/wp-content\/uploads\/2013\/03\/170518-Fichtensirup.jpg 1024w, https:\/\/www.gartenbauverein-altenmarkt.de\/cms\/wordpress\/wp-content\/uploads\/2013\/03\/170518-Fichtensirup-624x468.jpg 624w\" sizes=\"auto, (max-width: 300px) 100vw, 300px\" \/><\/a><p id=\"caption-attachment-631\" class=\"wp-caption-text\">Die Gl\u00e4ser sind gef\u00fcllt und warten nun 3 Wochen in der Sonne, bis sie verwendet werden k\u00f6nnen<\/p><\/div><br \/>\nAm 18. Mai war wieder Gruppenstunde und das Wetter war optimal. Dieses Mal stellten wir mit den Kindern einen Maiwipfelsirup her. Als erstes h\u00f6rten die Kinder etwas \u00fcber die Fichte, welche der Baum des Jahres 2017 ist und was beim Sammeln der Triebspitzen zu beachten ist. Dass man zum Beispiel den Waldbesitzer zuerst fragen soll und nicht zu viele Triebe von einem Baum genommen werden. Dann durften sie die Maitriebe sammeln, das sie mit vollem Eifer machten. Als sie nach einiger Zeit gen\u00fcgend Triebspitzen gesammelt hatten, machten wir uns auf den R\u00fcckweg. Nun wurden die Maitriebe verarbeitet. Zuerst wogen sie die Maitriebe ab, dann wurde doppelt so viel Rohrzucker abgewogen. Nun kam alles schichtweise in ein Schraubglas, wobei die oberste Schicht der Zucker sein musste. Das verschlossene Glas mu\u00df anschliessend noch 2-3 Wochen an einem warmen und sonnigen Ort gestellt werden, bis sich ein Sirup gebildet hat. Zum Schlu\u00df wird dann alles abgeseiht, als Hustensirup wirkt er sp\u00e4ter schleiml\u00f6send.<\/td>\n<\/tr>\n<tr>\n<td>\n<div id=\"attachment_629\" style=\"width: 310px\" class=\"wp-caption alignleft\"><a href=\"https:\/\/www.gartenbauverein-altenmarkt.de\/cms\/wordpress\/?attachment_id=629\" rel=\"attachment wp-att-629\"><img loading=\"lazy\" decoding=\"async\" aria-describedby=\"caption-attachment-629\" class=\"size-medium wp-image-629\" src=\"https:\/\/www.gartenbauverein-altenmarkt.de\/cms\/wordpress\/wp-content\/uploads\/2013\/03\/170508-Sonnenblumenaktion-AWO-Kindergarten-300x225.jpg\" alt=\"\" width=\"300\" height=\"225\" srcset=\"https:\/\/www.gartenbauverein-altenmarkt.de\/cms\/wordpress\/wp-content\/uploads\/2013\/03\/170508-Sonnenblumenaktion-AWO-Kindergarten-300x225.jpg 300w, https:\/\/www.gartenbauverein-altenmarkt.de\/cms\/wordpress\/wp-content\/uploads\/2013\/03\/170508-Sonnenblumenaktion-AWO-Kindergarten-768x576.jpg 768w, https:\/\/www.gartenbauverein-altenmarkt.de\/cms\/wordpress\/wp-content\/uploads\/2013\/03\/170508-Sonnenblumenaktion-AWO-Kindergarten.jpg 1024w, https:\/\/www.gartenbauverein-altenmarkt.de\/cms\/wordpress\/wp-content\/uploads\/2013\/03\/170508-Sonnenblumenaktion-AWO-Kindergarten-624x468.jpg 624w\" sizes=\"auto, (max-width: 300px) 100vw, 300px\" \/><\/a><p id=\"caption-attachment-629\" class=\"wp-caption-text\">Eine Gruppe zeigt stolz ihre Blument\u00f6pfchen<\/p><\/div><br \/>\nSonnenblumenpflanzaktion war am 8. Mai im AWO-Kindergarten angesagt. Vorstand M\u00f6rwald kam mit mit seinen Helferinnen Elisabeth M\u00fcller, Rosi Maier und Ursula Stitzl, um mit den Kindern des AWO-Kindergartens Sonnenblumen auszus\u00e4en. Hierzu durfte jedes Kind ein T\u00f6pfchen mit Blumenerde f\u00fcllen, einen Sonnenblumensamen darin auss\u00e4en, etwas andr\u00fccken, angiessen und zur Sammelstation bringen. Das Wetter war zwar nicht besonders rosig, die vielen Kinder liesen sich aber nicht daran abhalten, an der Aktion teilzunehmen. Nun sind sie selbst f\u00fcr die Pflege und sp\u00e4tere Auspflanzung verantwortlich. M\u00f6gen wir hoffen, dass alle Blumen im Sommer eine herrliche Bl\u00fctenpracht geben.<\/td>\n<\/tr>\n<tr>\n<td>\n<div id=\"attachment_609\" style=\"width: 310px\" class=\"wp-caption alignleft\"><a href=\"https:\/\/www.gartenbauverein-altenmarkt.de\/cms\/wordpress\/?attachment_id=609\" rel=\"attachment wp-att-609\"><img loading=\"lazy\" decoding=\"async\" aria-describedby=\"caption-attachment-609\" class=\"size-medium wp-image-609\" src=\"https:\/\/www.gartenbauverein-altenmarkt.de\/cms\/wordpress\/wp-content\/uploads\/2013\/03\/170406-Osterbasteln-2017-300x225.jpg\" alt=\"\" width=\"300\" height=\"225\" srcset=\"https:\/\/www.gartenbauverein-altenmarkt.de\/cms\/wordpress\/wp-content\/uploads\/2013\/03\/170406-Osterbasteln-2017-300x225.jpg 300w, https:\/\/www.gartenbauverein-altenmarkt.de\/cms\/wordpress\/wp-content\/uploads\/2013\/03\/170406-Osterbasteln-2017-768x576.jpg 768w, https:\/\/www.gartenbauverein-altenmarkt.de\/cms\/wordpress\/wp-content\/uploads\/2013\/03\/170406-Osterbasteln-2017.jpg 1024w, https:\/\/www.gartenbauverein-altenmarkt.de\/cms\/wordpress\/wp-content\/uploads\/2013\/03\/170406-Osterbasteln-2017-624x468.jpg 624w\" sizes=\"auto, (max-width: 300px) 100vw, 300px\" \/><\/a><p id=\"caption-attachment-609\" class=\"wp-caption-text\">Ein fertig gestelltes Ostergeschenk<\/p><\/div><br \/>\nPassend zur Blume des Jahres bastelten die Kinder am 6. April Mohnblumen. Zuerst zeichneten sie f\u00fcr jede Blume vier Bl\u00fctenbl\u00e4tter auf Seidenpapier auf und schnitten diese aus. Anschlie\u00dfend wurden diese \u00fcbereinander gelegt und mittig mit einem Blumendraht durchstochen, welcher an der Spitze mit einer Zange umgebogen wurde. Dann wurden die Bl\u00fctenbl\u00e4tter nach oben gedr\u00fcckt und mit einem Tropfen Hei\u00dfkleber fixiert. Nun wurde noch ein Floristenband um den Blumendraht gewickelt und die Bl\u00fctenbl\u00e4tter in Form gedr\u00fcckt. Jedes Kind machte vier Mohnblumen. Diese kamen dann auf ein mitgebrachtes Holzst\u00fcck, in das sie zuvor noch L\u00f6cher bohrten und dann den Draht hinein steckten. Zum Schlu\u00df wurde noch mit Moos und anderen mitgebrachten Dekosachen verziert.<\/td>\n<\/tr>\n<tr>\n<td>\n<div id=\"attachment_608\" style=\"width: 310px\" class=\"wp-caption alignleft\"><a href=\"https:\/\/www.gartenbauverein-altenmarkt.de\/cms\/wordpress\/?attachment_id=608\" rel=\"attachment wp-att-608\"><img loading=\"lazy\" decoding=\"async\" aria-describedby=\"caption-attachment-608\" class=\"size-medium wp-image-608\" src=\"https:\/\/www.gartenbauverein-altenmarkt.de\/cms\/wordpress\/wp-content\/uploads\/2013\/03\/170309-Sch\u00f6pfrahmen-300x225.jpg\" alt=\"\" width=\"300\" height=\"225\" srcset=\"https:\/\/www.gartenbauverein-altenmarkt.de\/cms\/wordpress\/wp-content\/uploads\/2013\/03\/170309-Sch\u00f6pfrahmen-300x225.jpg 300w, https:\/\/www.gartenbauverein-altenmarkt.de\/cms\/wordpress\/wp-content\/uploads\/2013\/03\/170309-Sch\u00f6pfrahmen-768x576.jpg 768w, https:\/\/www.gartenbauverein-altenmarkt.de\/cms\/wordpress\/wp-content\/uploads\/2013\/03\/170309-Sch\u00f6pfrahmen.jpg 1024w, https:\/\/www.gartenbauverein-altenmarkt.de\/cms\/wordpress\/wp-content\/uploads\/2013\/03\/170309-Sch\u00f6pfrahmen-624x468.jpg 624w\" sizes=\"auto, (max-width: 300px) 100vw, 300px\" \/><\/a><p id=\"caption-attachment-608\" class=\"wp-caption-text\">Die KInder sind konzentriert bei der Arbeit<\/p><\/div><br \/>\nBeim ersten Treffen des Jahres bauten wir am 9. M\u00e4rz Sch\u00f6pfrahmen, die wir dann im Sommer ben\u00f6tigen. Als erstes durften die Kinder die Holzleisten auf die richtige Gr\u00f6\u00dfe abs\u00e4gen und abschleifen. Dann wurde das vorbereitete Fliegengitter drauf getackert und der Rahmen zusammengenagelt. In der Zwischenzeit ordneten sie Merkbl\u00e4tter in ihren Ordner ein und malten Bilder aus von G\u00e4nsebl\u00fcmchen, Klatschmohn, Fichte und Saathafer (Natur des Jahres 2017). Zum Schlu\u00df machten wir noch Spiele.<\/td>\n<\/tr>\n<\/tbody>\n<\/table>\n","protected":false},"excerpt":{"rendered":"<p>&nbsp; Weihnachten naht, es wird wieder Zeit daf\u00fcr etwas zu basteln. So war es auch bei der Gruppenstunde am 23. November. Wir machten mit den Kindern Weihnachtsgestecke. Hierf\u00fcr kam in einen \u00dcbertopf ein Steckschwamm. Dann steckten die Kinder unter Anleitung verschiedene Zweige hinein. Das Ganze wurde mit einer Kerze, einer Schleife und verschiedenen Zapfen versch\u00f6nert. [&hellip;]<\/p>\n","protected":false},"author":1,"featured_media":0,"parent":33,"menu_order":0,"comment_status":"closed","ping_status":"closed","template":"","meta":{"footnotes":""},"class_list":["post-739","page","type-page","status-publish","hentry"],"_links":{"self":[{"href":"https:\/\/www.gartenbauverein-altenmarkt.de\/cms\/wordpress\/index.php?rest_route=\/wp\/v2\/pages\/739","targetHints":{"allow":["GET"]}}],"collection":[{"href":"https:\/\/www.gartenbauverein-altenmarkt.de\/cms\/wordpress\/index.php?rest_route=\/wp\/v2\/pages"}],"about":[{"href":"https:\/\/www.gartenbauverein-altenmarkt.de\/cms\/wordpress\/index.php?rest_route=\/wp\/v2\/types\/page"}],"author":[{"embeddable":true,"href":"https:\/\/www.gartenbauverein-altenmarkt.de\/cms\/wordpress\/index.php?rest_route=\/wp\/v2\/users\/1"}],"replies":[{"embeddable":true,"href":"https:\/\/www.gartenbauverein-altenmarkt.de\/cms\/wordpress\/index.php?rest_route=%2Fwp%2Fv2%2Fcomments&post=739"}],"version-history":[{"count":1,"href":"https:\/\/www.gartenbauverein-altenmarkt.de\/cms\/wordpress\/index.php?rest_route=\/wp\/v2\/pages\/739\/revisions"}],"predecessor-version":[{"id":740,"href":"https:\/\/www.gartenbauverein-altenmarkt.de\/cms\/wordpress\/index.php?rest_route=\/wp\/v2\/pages\/739\/revisions\/740"}],"up":[{"embeddable":true,"href":"https:\/\/www.gartenbauverein-altenmarkt.de\/cms\/wordpress\/index.php?rest_route=\/wp\/v2\/pages\/33"}],"wp:attachment":[{"href":"https:\/\/www.gartenbauverein-altenmarkt.de\/cms\/wordpress\/index.php?rest_route=%2Fwp%2Fv2%2Fmedia&parent=739"}],"curies":[{"name":"wp","href":"https:\/\/api.w.org\/{rel}","templated":true}]}}